of v.
2, 5
What are the prime factors of 14/63 - (-608)/18?
2, 17
Let n = 59 + -38. Let d = 34 - n. Suppose -3*l - 1 = -d. What are the prime factors of l?
2
Let s(m) = -m**3 + m**2 - 3*m - 2. Let l = -26 - -23. What are the prime factors of s(l)?
43
Suppose 5*d = -2*p - 120, d - 96 = 5*d - p. List the prime factors of (14/(-4) - -3)*d.
2, 3
List the prime factors of (-22)/(-77) - (-502)/7.
2, 3
Let u(z) = -z**3 - 5*z**2 - z - 2. Let c be u(-5). Suppose -29 = -2*v + c. List the prime factors of v.
2
Suppose 5 = -3*p - 3*t + 14, -3*p + 4*t + 9 = 0. Let v be p*2 - (-1 - -1). Let a(q) = -q**3 + 5*q**2 + 8*q - 4. List the prime factors of a(v).
2
Let y be (-39)/(-1)*8/12. Let z = y - 0. List the prime factors of z.
2, 13
Let k be 3*(0/2 - -1). Suppose 2*u = k*u - 2. Suppose -u*y = -2*m - 14, 7*y - 3*m - 29 = 2*y. List the prime factors of y.
2
Let r be (-10)/4 - (-3)/6. Let w = 0 - r. Suppose -6 = -w*q - 2. List the prime factors of q.
2
Let c be (-1 + (-9)/(-6))*6. Suppose c*o = -2*g + 8, 2*g + 5*o = 4*g - 8. List the prime factors of (-48)/(-6)*3/g.
2, 3
Let k(d) = d**2 - 3*d + 27. What are the prime factors of k(12)?
3, 5
Let z(k) = k**3 + 6*k**2 - 4 - k**2 + 2*k**2 + 5*k. Suppose 3*s + 20 = -s. What are the prime factors of z(s)?
3, 7
Let u(g) = -30*g + 10. List the prime factors of u(-8).
2, 5
Let u = -1 - -2. List the prime factors of (-8)/(u/(3/(-2))).
2, 3
Let b(z) = z**3 - 11*z**2 + 3. Let t be b(11). Suppose -2*o = t*m - 1 + 6, 0 = -5*m + 5*o. Let w = 5 - m. What are the prime factors of w?
2, 3
Let o = 226 + -149. List the prime factors of o.
7, 11
Suppose 2*c = 5*f - 100, 0 = 4*f - 2*c - 58 - 24. List the prime factors of f.
2, 3
Let s = 68 + -30. List the prime factors of s.
2, 19
Let b(l) = 32*l + 17. What are the prime factors of b(6)?
11, 19
Let k be (-4)/6*3/(-2). Let o be k/(1 + (-44)/42). Let r = -13 - o. List the prime factors of r.
2
Let i(q) = q**3 - 3*q**2 - 4*q + 1. Let b be i(5). Let t = 64 - b. Let g = t + -17. What are the prime factors of g?
2
Let h(y) be the first derivative of -y**4/4 + 4*y**3/3 + 3*y**2 + 3*y + 3. Let j be 1/3*15*1. List the prime factors of h(j).
2
Let v(g) = -3*g - 1. Let p(u) = 3*u + 1. Let q = -17 - -12. Let a(l) = q*p(l) - 6*v(l). List the prime factors of a(2).
7
Suppose 6*s - 3*s - 33 = 0. Let w = s + -8. What are the prime factors of w?
3
Let s(b) = -b**2 + 8*b. Let d be s(8). Suppose d = -4*a - 0*a + 16. What are the prime factors of (-5)/a*(0 - 4)?
5
Let v(g) = -g**3 + 9*g**2 - 5*g + 4. Let j be v(8). Suppose -6*l = -2*l - j. List the prime factors of l.
7
Let k = 8 + -4. Let h = k - 4. Suppose -3*r + 15 + 9 = h. What are the prime factors of r?
2
Suppose -12 = -5*k + 13. Suppose -k*o - 111 = -2*r, -4*o = -5*r + 84 + 15. Let x = o + 31. List the prime factors of x.
2, 5
Let j = -7 - -11. Suppose -j*t + 20 = 0, 3*z + 2*z - 4*t = 285. Let x = z - 43. List the prime factors of x.
2, 3
Suppose 3*a = 4*t + 177 - 13, 3*a = t + 149. Let g = a - 30. What are the prime factors of g?
2, 3
Suppose 192 = 2*k + 2*k. Suppose 3*t = -0*t + k. List the prime factors of t.
2
Suppose -r - x + 56 = 0, 10*r - 5*r - x = 256. What are the prime factors of r?
2, 13
Let y = 65 - 28. List the prime factors of y.
37
Let q(t) = -6*t + 14. Let f be q(3). Suppose 7*v - 3*v = -104. List the prime factors of (v/(-4))/((-2)/f).
13
Let t be (2 - 0)/((-4)/(-8)). Suppose 5*q + 1 = -t. Let x(z) = 9*z**2 + z. List the prime factors of x(q).
2
Let m = 4 + 1. What are the prime factors of m?
5
Suppose 2*b = 5 + 5. Let g = b + 0. List the prime factors of g.
5
Suppose -r + 0*r = 2. Let d be (1 - -1)*(-5)/r. Suppose -d*f = -3*f - 16. List the prime factors of f.
2
Suppose 5*b - 25 = -5*s, -2*b - 15 = -s - 2*s. Suppose b = 2*j + 5 - 1. What are the prime factors of (-3)/(-6) + (-33)/j?
17
Suppose -9*g = -8*g - 4. What are the prime factors of g?
2
Let k = 260 - 167. List the prime factors of k.
3, 31
Let a(k) = 28*k + 60. List the prime factors of a(6).
2, 3, 19
Let h(r) = -3. Let k(n) = -n + 1. Let a(z) = h(z) + k(z). Let j be (-4)/(-10) - (-104)/(-10). What are the prime factors of a(j)?
2
Let k be ((-18)/(-12))/((-1)/2). Let f = 3 + k. Suppose -x - 4*h = -1, f = x - 5*h - 11 - 26. What are the prime factors of x?
17
Let o = 14 - 18. Let i = 14 + o. List the prime factors of i.
2, 5
Suppose -4*j - 2*f + 186 = 0, 237 = 5*j - f - f. Suppose 0 = 4*k - j - 25. What are the prime factors of k?
2, 3
Suppose -4*w - j + 16 = 0, 4*w + 5*j = -w + 5. Let r = w - 3. Suppose -8 = -6*b + r*b. List the prime factors of b.
2
Let i = 538 + -106. List the prime factors of i.
2, 3
Let u(d) = -49*d**3 - d**2 - d - 1. What are the prime factors of u(-1)?
2, 3
Suppose 5*h - 2 = 128. Suppose -5*q + 4 = -h. Let l = q - -6. What are the prime factors of l?
2, 3
Suppose -4*p + 8*p = 12. What are the prime factors of p?
3
List the prime factors of 1416/24 - (0 + 2 + -1).
2, 29
What are the prime factors of 2/((-2)/(-5))*2?
2, 5
Suppose -k = -4*r + 316, 12 - 4 = 4*r. What are the prime factors of k/(-12) - (-1)/3?
2, 13
Suppose -2*w = 0, 2*w = -v - 0*v. Suppose v = -4*n + 10 + 18. What are the prime factors of n?
7
Suppose 5*h - 9 = -3*a + 6, 3*a - 15 = 2*h. Suppose 10*c - 5*c - 55 = h. List the prime factors of c.
11
Let b = 90 + 9. What are the prime factors of b?
3, 11
Let x be 42 + (-1)/2*4. Suppose 3*m + c = 45, 2*m + 0*m + 4*c = x. List the prime factors of m.
2, 7
Let m(o) = 6*o**2 - 3. What are the prime factors of m(-4)?
3, 31
Let m(z) = -z**3 - 4*z**2 - 8*z - 6. Let u be m(-5). Let n = u + -41. List the prime factors of n.
2, 3
List the prime factors of (-16)/(-4) + (-2 - -1*3).
5
Suppose -6*s + s = z - 246, -216 = -4*s + 4*z. List the prime factors of s.
2, 5
What are the prime factors of (-3 + 1)*(-485)/10?
97
Suppose -x - 3*o = x - 3, 2*o = -2. Suppose 0*g + 66 = 3*g - 5*d, -x*g + 3*d = -66. List the prime factors of g.
2, 11
List the prime factors of (-145 + 0 + -5)/(-2).
3, 5
Let s(g) = -32*g**3. Let i be s(1). Let c = -45 - i. Let v = c - -23. List the prime factors of v.
2, 5
Let b(r) be the second derivative of -1/2*r**2 + 2*r - 1/6*r**3 - 3/10*r**5 + 0*r**4 + 0. What are the prime factors of b(-1)?
2, 3
Suppose -5*u = -3*a, 2*u + 0*u = a. Suppose -5*k + 21 + 39 = u. List the prime factors of k.
2, 3
Let t = 640 + -421. List the prime factors of t.
3, 73
Suppose -4*t - 32 = -v, -4*t = -v - 3*v + 128. What are the prime factors of v?
2
Let j(p) = p**2 - 5*p + 3. Let v be j(5). Let k be (v + -2)/((-1)/1). What are the prime factors of -2*(-2 + (-1 - k))?
2
Let q(l) = 5*l**2 + 13*l + 8. Let n be 3/(-12) - 29/(-4). Let j(d) = -3*d**2 - 6*d - 4. Let o(a) = n*j(a) + 4*q(a). List the prime factors of o(10).
2
What are the prime factors of (-4)/4 - (-29)/(-1 - -2)?
2, 7
Let m = -11 - -3. Let g = m + 12. List the prime factors of g.
2
Suppose -60 = -5*m - 5*k, 0 = -m + 3*k - k + 18. Let a = m - 3. What are the prime factors of a?
11
Suppose 5*d = 5*r, 0*d - 5*d = -4*r. Suppose r*b + 3*b - 34 = 5*c, 0 = -3*b - 5*c - 16. Suppose 8*v - 10 = b*v. List the prime factors of v.
2
Let j = 342 - -44. List the prime factors of j.
2, 193
Suppose -12 + 3 = -3*t, 0 = w + 2*t - 79. Let d = w + -48. What are the prime factors of d?
5
Let g = 14 - -9. Suppose 4*y + 40 = -z + 5*z, -g = -3*z - 4*y. What are the prime factors of z?
3
Let h(i) be the first derivative of i**3/3 - 5*i**2/2 - 4*i + 3. What are the prime factors of h(6)?
2
Suppose 2*y = -4*m - 0*m + 38, 0 = -5*m + 2*y + 43. Let x = 18 + -3. Let p = x - m. List the prime factors of p.
2, 3
Let g(x) = x + 1. Let f(a) = -a**3 + 8*a**2 - 7*a - 1. Let p be f(7). Let d(n) = 2*n + 7. Let t(m) = p*d(m) + 3*g(m). What are the prime factors of t(9)?
5
Let l be (-11)/(2 - 3) - 3. Suppose 6*n = l*n - 6. What are the prime factors of n?
3
Let n(r) = -r**2 + 16*r + 7. What are the prime factors of n(15)?
2, 11
Let r = 6 + -5. Let o = 9 - r. What are the prime factors of o?
2
Suppose y - 2 = 5*s - 9, -s + 2*y - 4 = 0. Suppose -3*u = -52 - s. List the prime factors of u.
2, 3
Suppose x - 3*x = -6. Suppose u + 2*w = -8, -x*u + 2*w + 11 = w. Suppose -6*p + u*p + 28 = 0. What are the prime factors of p?
7
Suppose -7*d - 5*f = -2*d + 10, 0 = -f. Let p be ((-1)/d)/((-3)/12). List the prime factors of (3 - 1)*(-3)/p.
3
Let